 ten thousands digit of 1694412410?
1
What is the ten thousands digit of 616776091?
7
What is the units digit of 65131349?
9
What is the units digit of 137864926?
6
What is the hundred thousands digit of 381011265?
0
What is the thousands digit of 834992465?
2
What is the thousands digit of 96663629?
3
What is the millions digit of 106389212?
6
What is the hundreds digit of 1062567307?
3
What is the units digit of 25950107?
7
What is the tens digit of 392046120?
2
What is the units digit of 1915123168?
8
What is the units digit of 15754695?
5
What is the thousands digit of 140081180?
1
What is the units digit of 138841329?
9
What is the thousands digit of 4814162291?
2
What is the hundred millions digit of 1360462009?
3
What is the units digit of 301644157?
7
What is the thousands digit of 59890722?
0
What is the hundred thousands digit of 50297008?
2
What is the units digit of 5598660417?
7
What is the millions digit of 76880412?
6
What is the billions digit of 4386277233?
4
What is the ten thousands digit of 1298229745?
2
What is the thousands digit of 85975254?
5
What is the ten thousands digit of 1153208?
5
What is the millions digit of 5901080?
5
What is the thousands digit of 125898234?
8
What is the ten thousands digit of 5417371347?
7
What is the hundred thousands digit of 213079458?
0
What is the tens digit of 288732048?
4
What is the units digit of 2354280657?
7
What is the hundred millions digit of 3578471444?
5
What is the hundred millions digit of 2020563307?
0
What is the tens digit of 4333647?
4
What is the hundred millions digit of 104646855?
1
What is the ten millions digit of 122956535?
2
What is the units digit of 213357130?
0
What is the thousands digit of 1099050251?
0
What is the tens digit of 13983471?
7
What is the hundred thousands digit of 63077392?
0
What is the ten thousands digit of 15343376?
4
What is the ten millions digit of 508127351?
0
What is the hundred millions digit of 130842812?
1
What is the hundred millions digit of 1299529745?
2
What is the thousands digit of 1484944106?
4
What is the ten thousands digit of 36122723?
2
What is the hundreds digit of 173288089?
0
What is the ten thousands digit of 3501803587?
0
What is the hundreds digit of 523042168?
1
What is the millions digit of 889757636?
9
What is the millions digit of 22511455?
2
What is the billions digit of 4719261108?
4
What is the tens digit of 71288232?
3
What is the units digit of 17459006?
6
What is the hundreds digit of 20418512?
5
What is the tens digit of 220242985?
8
What is the ten thousands digit of 121343253?
4
What is the millions digit of 1676881721?
6
What is the hundred thousands digit of 2507253270?
2
What is the hundred millions digit of 712004857?
7
What is the hundred thousands digit of 270078795?
0
What is the ten millions digit of 85451693?
8
What is the ten thousands digit of 1987968759?
6
What is the hundreds digit of 263920380?
3
What is the units digit of 883892867?
7
What is the ten millions digit of 317342786?
1
What is the thousands digit of 113432573?
2
What is the thousands digit of 1083478?
3
What is the thousands digit of 300774502?
4
What is the millions digit of 3235026155?
5
What is the tens digit of 9292499923?
2
What is the millions digit of 602684863?
2
What is the units digit of 231798?
8
What is the thousands digit of 402898613?
8
What is the hundreds digit of 1251219825?
8
What is the thousands digit of 273445909?
5
What is the thousands digit of 20881230?
1
What is the hundreds digit of 25425750?
7
What is the thousands digit of 70976443?
6
What is the hundred thousands digit of 252686302?
6
What is the units digit of 4071053907?
7
What is the units digit of 1872784342?
2
What is the tens digit of 4849137626?
2
What is the ten thousands digit of 13550976?
5
What is the hundred thousands digit of 2025909999?
9
What is the hundred millions digit of 9068680204?
0
What is the hundred thousands digit of 69206653?
2
What is the hundred millions digit of 5187984929?
1
What is the ten thousands digit of 288940963?
4
What is the units digit of 77839046?
6
What is the millions digit of 29271312?
9
What is the thousands digit of 3614829?
4
What is the ten thousands digit of 913295432?
9
What is the hundreds digit of 6952485?
4
What is the billions digit of 1050666595?
1
What is the ten millions digit of 610703066?
1
What is the hundred thousands digit of 55161905?
1
What is the ten millions digit of 111066355?
1
What is the units digit of 299114379?
9
What is the tens digit of 5107983356?
5
What is the hundred thousands digit of 4599264?
5
What is the hundred thousands digit of 5101668807?
6
What is the ten millions digit of 8025794952?
2
What is the ten thousands digit of 124989488?
8
What is the thousands digit of 66871253?
1
What is the units digit of 24120418?
8
What is the hundred thousands digit of 36776175?
7
What is the units digit of 17043116?
6
What is the units digit of 423757058?
8
What is the thousands digit of 76295771?
5
What is the hundred millions digit of 160605981?
1
What is the tens digit of 389650837?
3
What is the ten thousands digit of 151932094?
3
What is the units digit of 93916304?
4
What is the thousands digit of 5889168642?
8
What is the millions digit of 9638809?
9
What is the ten thousands digit of 437721063?
2
What is the hundreds digit of 341538467?
4
What is the hundred millions digit of 3792522547?
7
What is the hundred millions digit of 2143502333?
1
What is the ten millions digit of 36271743?
3
What is the tens digit of 39068962?
6
What is the hundred thousands digit of 642836406?
8
What is the hundreds digit of 2259451221?
2
What is the units digit of 23134537?
7
What is the tens digit of 1900432979?
7
What is the billions digit of 3616772219?
3
What is the hundred thousands digit of 130866884?
8
What is the hundred millions digit of 236527216?
2
What is the hundred thousands digit of 89071722?
0
What is the hundred thousands digit of 1701289514?
2
What is the millions digit of 40358938?
0
What is the hundred thousands digit of 49694137?
6
What is the hundred thousands digit of 119952604?
9
What is the ten thousands digit of 19406016?
0
What is the hundred millions digit of 159351310?
1
What is the ten thousands digit of 116951564?
5
What is the thousands digit of 72143946?
3
What is the hundred thousands digit of 273461448?
4
What is the millions digit of 32470210?
2
What is the units digit of 24574333?
3
What is the hundreds digit of 3742460776?
7
What is the hundreds digit of 5927863?
8
What is the millions digit of 568813943?
8
What is the tens digit of 718655627?
2
What is the hundred millions digit of 177142480?
1
What is the thousands digit of 1771910944?
0
What is the thousands digit of 2198534227?
4
What is the hundred thousands digit of 2669994823?
9
What is the hundred thousands digit of 1422190968?
1
What is the ten thousands digit of 1101897285?
9
What is the units digit of 9468180?
0
What is the hundred millions digit of 231826025?
2
What is the thousands digit of 469699861?
9
What is the ten millions digit of 22203983?
2
What is the ten millions digit of 49160292?
4
What is the ten millions digit of 252241496?
5
What is the thousands digit of 197382648?
2
What is the hundred thousands digit of 188484101?
4
What is the ten millions digit of 1548451510?
4
What is the thousands digit of 491884653?
4
What is the thousands digit of 1343969533?
9
What is the ten millions digit of 73503480?
7
What is the hundred thousands digit of 3154862851?
8
What is the ten thousands digit of 20622438?
2
What is the hundreds digit of 1937792314?
3
What is the millions digit of 2049085210?
9
What is the hundreds digit of 45622964?
9
What is the tens digit of 2894083030?
3
What is the ten millions digit of 506766264?
0
What is the thousands digit of 3419545?
9
What is the ten millions digit of 5170406200?
7
What is the hundred thousands digit of 375322294?
3
What is the thousands digit of 32383128?
3
What is the units digit of 54790311?
1
What is the tens digit of 55702348?
4
What is the ten millions digit of 47171484?
4
What is the hundred thousands digit of 973846982?
8
What is the hundred millions digit of 176515402?
1
What is the ten thousands digit of 1347831691?
3
What is th